{"id":2969,"date":"2025-11-19T10:28:47","date_gmt":"2025-11-19T09:28:47","guid":{"rendered":"https:\/\/www.wishingwell.es\/convent2\/histoire\/"},"modified":"2025-12-11T15:12:53","modified_gmt":"2025-12-11T14:12:53","slug":"histoire","status":"publish","type":"page","link":"https:\/\/www.elconventdemoncada.com\/fr\/histoire\/","title":{"rendered":"Histoire"},"content":{"rendered":"\t\t<div data-elementor-type=\"wp-page\" data-elementor-id=\"2969\" class=\"elementor elementor-2969 elementor-1841\">\n\t\t\t\t\t\t<section class=\"elementor-section elementor-top-section elementor-element elementor-element-cfe65fc elementor-section-stretched elementor-section-boxed elementor-section-height-default elementor-section-height-default\" data-id=\"cfe65fc\" data-element_type=\"section\" data-e-type=\"section\" data-settings=\"{&quot;stretch_section&quot;:&quot;section-stretched&quot;,&quot;background_background&quot;:&quot;classic&quot;}\">\n\t\t\t\t\t\t<div class=\"elementor-container elementor-column-gap-default\">\n\t\t\t\t\t<div class=\"elementor-column elementor-col-100 elementor-top-column elementor-element elementor-element-2652b45\" data-id=\"2652b45\" data-element_type=\"column\" data-e-type=\"column\">\n\t\t\t<div class=\"elementor-widget-wrap elementor-element-populated\">\n\t\t\t\t\t\t<div class=\"elementor-element elementor-element-391fe6e elementor-widget__width-auto elementor-widget elementor-widget-heading\" data-id=\"391fe6e\" data-element_type=\"widget\" data-e-type=\"widget\" data-widget_type=\"heading.default\">\n\t\t\t\t<div class=\"elementor-widget-container\">\n\t\t\t\t\t<h2 class=\"elementor-heading-title elementor-size-default\">Histoire<\/h2>\t\t\t\t<\/div>\n\t\t\t\t<\/div>\n\t\t\t\t\t<\/div>\n\t\t<\/div>\n\t\t\t\t\t<\/div>\n\t\t<\/section>\n\t\t\t\t<section class=\"elementor-section elementor-top-section elementor-element elementor-element-e22a75c elementor-section-boxed elementor-section-height-default elementor-section-height-default\" data-id=\"e22a75c\" data-element_type=\"section\" data-e-type=\"section\">\n\t\t\t\t\t\t<div class=\"elementor-container elementor-column-gap-default\">\n\t\t\t\t\t<div class=\"elementor-column elementor-col-100 elementor-top-column elementor-element elementor-element-670d460\" data-id=\"670d460\" data-element_type=\"column\" data-e-type=\"column\">\n\t\t\t<div class=\"elementor-widget-wrap elementor-element-populated\">\n\t\t\t\t\t\t<div class=\"elementor-element elementor-element-3dcb206 elementor-widget elementor-widget-text-editor\" data-id=\"3dcb206\" data-element_type=\"widget\" data-e-type=\"widget\" data-widget_type=\"text-editor.default\">\n\t\t\t\t<div class=\"elementor-widget-container\">\n\t\t\t\t\t\t\t\t\t<p>Le Convent de Moncada, construit \u00e0 la fin du XIX si\u00e8cle et conserv\u00e9 comme patrimoine en raison de son int\u00e9r\u00eat culturel et de son style architectural singulier, est situ\u00e9 \u00e0 7 km de Valence. Il b\u00e9n\u00e9ficie de nombreuses liaisons permettant de rejoindre le c\u0153ur m\u00eame de Valence en un temps tr\u00e8s court.<\/p>\t\t\t\t\t\t\t\t<\/div>\n\t\t\t\t<\/div>\n\t\t\t\t\t<\/div>\n\t\t<\/div>\n\t\t\t\t\t<\/div>\n\t\t<\/section>\n\t\t\t\t<section class=\"elementor-section elementor-top-section elementor-element elementor-element-05700f9 elementor-section-boxed elementor-section-height-default elementor-section-height-default\" data-id=\"05700f9\" data-element_type=\"section\" data-e-type=\"section\">\n\t\t\t\t\t\t<div class=\"elementor-container elementor-column-gap-default\">\n\t\t\t\t\t<div class=\"elementor-column elementor-col-100 elementor-top-column elementor-element elementor-element-1917b09\" data-id=\"1917b09\" data-element_type=\"column\" data-e-type=\"column\">\n\t\t\t<div class=\"elementor-widget-wrap elementor-element-populated\">\n\t\t\t\t\t\t<section class=\"elementor-section elementor-inner-section elementor-element elementor-element-664f994 elementor-section-boxed elementor-section-height-default elementor-section-height-default\" data-id=\"664f994\" data-element_type=\"section\" data-e-type=\"section\">\n\t\t\t\t\t\t<div class=\"elementor-container elementor-column-gap-default\">\n\t\t\t\t\t<div class=\"elementor-column elementor-col-50 elementor-inner-column elementor-element elementor-element-96cce04\" data-id=\"96cce04\" data-element_type=\"column\" data-e-type=\"column\">\n\t\t\t<div class=\"elementor-widget-wrap elementor-element-populated\">\n\t\t\t\t\t\t<div class=\"elementor-element elementor-element-96bfe69 elementor-widget elementor-widget-image\" data-id=\"96bfe69\" data-element_type=\"widget\" data-e-type=\"widget\" data-widget_type=\"image.default\">\n\t\t\t\t<div class=\"elementor-widget-container\">\n\t\t\t\t\t\t\t\t\t\t\t\t\t\t\t<img fetchpriority=\"high\" decoding=\"async\" width=\"981\" height=\"736\" src=\"https:\/\/www.elconventdemoncada.com\/wp-content\/uploads\/2025\/11\/hostal-hospederia-7.jpg\" class=\"attachment-large size-large wp-image-2968\" alt=\"\" srcset=\"https:\/\/www.elconventdemoncada.com\/wp-content\/uploads\/2025\/11\/hostal-hospederia-7.jpg 981w, https:\/\/www.elconventdemoncada.com\/wp-content\/uploads\/2025\/11\/hostal-hospederia-7-300x225.jpg 300w, https:\/\/www.elconventdemoncada.com\/wp-content\/uploads\/2025\/11\/hostal-hospederia-7-768x576.jpg 768w\" sizes=\"(max-width: 981px) 100vw, 981px\" \/>\t\t\t\t\t\t\t\t\t\t\t\t\t\t\t<\/div>\n\t\t\t\t<\/div>\n\t\t\t\t\t<\/div>\n\t\t<\/div>\n\t\t\t\t<div class=\"elementor-column elementor-col-50 elementor-inner-column elementor-element elementor-element-e7fa14d\" data-id=\"e7fa14d\" data-element_type=\"column\" data-e-type=\"column\" data-settings=\"{&quot;background_background&quot;:&quot;classic&quot;}\">\n\t\t\t<div class=\"elementor-widget-wrap elementor-element-populated\">\n\t\t\t\t\t\t<div class=\"elementor-element elementor-element-9a636cb elementor-widget elementor-widget-text-editor\" data-id=\"9a636cb\" data-element_type=\"widget\" data-e-type=\"widget\" data-widget_type=\"text-editor.default\">\n\t\t\t\t<div class=\"elementor-widget-container\">\n\t\t\t\t\t\t\t\t\t\u00c0 <strong>El Convent de Moncada<\/strong>, nous combinons histoire, confort et attention personnalis\u00e9e pour que votre s\u00e9jour soit une exp\u00e9rience agr\u00e9able. Situ\u00e9s dans un b\u00e2timent du XIX\u1d49 si\u00e8cle au centre de Moncada, \u00e0 seulement 6 km de Valence, nous offrons un environnement paisible avec d\u2019excellentes connexions vers la ville.\t\t\t\t\t\t\t\t<\/div>\n\t\t\t\t<\/div>\n\t\t\t\t\t<\/div>\n\t\t<\/div>\n\t\t\t\t\t<\/div>\n\t\t<\/section>\n\t\t\t\t\t<\/div>\n\t\t<\/div>\n\t\t\t\t\t<\/div>\n\t\t<\/section>\n\t\t\t\t<section class=\"elementor-section elementor-top-section elementor-element elementor-element-d9d9f1e elementor-section-boxed elementor-section-height-default elementor-section-height-default\" data-id=\"d9d9f1e\" data-element_type=\"section\" data-e-type=\"section\">\n\t\t\t\t\t\t<div class=\"elementor-container elementor-column-gap-default\">\n\t\t\t\t\t<div class=\"elementor-column elementor-col-100 elementor-top-column elementor-element elementor-element-2c5865a\" data-id=\"2c5865a\" data-element_type=\"column\" data-e-type=\"column\">\n\t\t\t<div class=\"elementor-widget-wrap elementor-element-populated\">\n\t\t\t\t\t\t<div class=\"elementor-element elementor-element-488f35c elementor-widget elementor-widget-text-editor\" data-id=\"488f35c\" data-element_type=\"widget\" data-e-type=\"widget\" data-widget_type=\"text-editor.default\">\n\t\t\t\t<div class=\"elementor-widget-container\">\n\t\t\t\t\t\t\t\t\t<p>Le Convent est situ\u00e9 dans l\u2019Horta Nord, entour\u00e9 par le parfum des orangers et des plantes m\u00e9diterran\u00e9ennes. Bien qu\u2019implant\u00e9 en zone urbaine, il se trouve \u00e0 proximit\u00e9 de la Huerta. De plus, depuis de nombreuses chambres, vous pouvez admirer un parc de pins qui vous fera sentir dans un cadre privil\u00e9gi\u00e9.<br \/><br \/>Le Convent est un lieu unique, marqu\u00e9 par le silence, o\u00f9 l\u2019on se repose dans un environnement paisible et tranquille. Par ailleurs, au Claustre, il est possible d\u2019organiser des mariages, banquets, c\u00e9l\u00e9brations priv\u00e9es, \u00e9v\u00e9nements, r\u00e9unions et manifestations d\u2019entreprise.<br \/><br \/>Si vous souhaitez nous conna\u00eetre, venez nous rendre visite sans aucun engagement et nous vous montrerons tout ce que l\u2019Hospeder\u00eda El Convent de Moncada peut vous offrir.<\/p>\t\t\t\t\t\t\t\t<\/div>\n\t\t\t\t<\/div>\n\t\t\t\t\t<\/div>\n\t\t<\/div>\n\t\t\t\t\t<\/div>\n\t\t<\/section>\n\t\t\t\t<\/div>\n\t\t","protected":false},"excerpt":{"rendered":"<p>Histoire Le Convent de Moncada, construit \u00e0 la fin du XIX si\u00e8cle et conserv\u00e9 comme patrimoine en raison de son int\u00e9r\u00eat culturel et de son style architectural singulier, est situ\u00e9 \u00e0 7 km de Valence. Il b\u00e9n\u00e9ficie de nombreuses liaisons permettant de rejoindre le c\u0153ur m\u00eame de Valence en un temps tr\u00e8s court. \u00c0 El [&hellip;]<\/p>\n","protected":false},"author":1,"featured_media":0,"parent":0,"menu_order":0,"comment_status":"closed","ping_status":"closed","template":"","meta":{"site-sidebar-layout":"no-sidebar","site-content-layout":"page-builder","ast-site-content-layout":"full-width-container","site-content-style":"default","site-sidebar-style":"default","ast-global-header-display":"","ast-banner-title-visibility":"disabled","ast-main-header-display":"","ast-hfb-above-header-display":"","ast-hfb-below-header-display":"","ast-hfb-mobile-header-display":"","site-post-title":"","ast-breadcrumbs-content":"","ast-featured-img":"disabled","footer-sml-layout":"","ast-disable-related-posts":"","theme-transparent-header-meta":"","adv-header-id-meta":"","stick-header-meta":"","header-above-stick-meta":"","header-main-stick-meta":"","header-below-stick-meta":"","astra-migrate-meta-layouts":"default","ast-page-background-enabled":"default","ast-page-background-meta":{"desktop":{"background-color":"","background-image":"","background-repeat":"repeat","background-position":"center center","background-size":"auto","background-attachment":"scroll","background-type":"","background-media":"","overlay-type":"","overlay-color":"","overlay-opacity":"","overlay-gradient":""},"tablet":{"background-color":"","background-image":"","background-repeat":"repeat","background-position":"center center","background-size":"auto","background-attachment":"scroll","background-type":"","background-media":"","overlay-type":"","overlay-color":"","overlay-opacity":"","overlay-gradient":""},"mobile":{"background-color":"","background-image":"","background-repeat":"repeat","background-position":"center center","background-size":"auto","background-attachment":"scroll","background-type":"","background-media":"","overlay-type":"","overlay-color":"","overlay-opacity":"","overlay-gradient":""}},"ast-content-background-meta":{"desktop":{"background-color":"var(--ast-global-color-5)","background-image":"","background-repeat":"repeat","background-position":"center center","background-size":"auto","background-attachment":"scroll","background-type":"","background-media":"","overlay-type":"","overlay-color":"","overlay-opacity":"","overlay-gradient":""},"tablet":{"background-color":"var(--ast-global-color-5)","background-image":"","background-repeat":"repeat","background-position":"center center","background-size":"auto","background-attachment":"scroll","background-type":"","background-media":"","overlay-type":"","overlay-color":"","overlay-opacity":"","overlay-gradient":""},"mobile":{"background-color":"var(--ast-global-color-5)","background-image":"","background-repeat":"repeat","background-position":"center center","background-size":"auto","background-attachment":"scroll","background-type":"","background-media":"","overlay-type":"","overlay-color":"","overlay-opacity":"","overlay-gradient":""}},"footnotes":""},"class_list":["post-2969","page","type-page","status-publish","hentry"],"_links":{"self":[{"href":"https:\/\/www.elconventdemoncada.com\/fr\/wp-json\/wp\/v2\/pages\/2969","targetHints":{"allow":["GET"]}}],"collection":[{"href":"https:\/\/www.elconventdemoncada.com\/fr\/wp-json\/wp\/v2\/pages"}],"about":[{"href":"https:\/\/www.elconventdemoncada.com\/fr\/wp-json\/wp\/v2\/types\/page"}],"author":[{"embeddable":true,"href":"https:\/\/www.elconventdemoncada.com\/fr\/wp-json\/wp\/v2\/users\/1"}],"replies":[{"embeddable":true,"href":"https:\/\/www.elconventdemoncada.com\/fr\/wp-json\/wp\/v2\/comments?post=2969"}],"version-history":[{"count":0,"href":"https:\/\/www.elconventdemoncada.com\/fr\/wp-json\/wp\/v2\/pages\/2969\/revisions"}],"wp:attachment":[{"href":"https:\/\/www.elconventdemoncada.com\/fr\/wp-json\/wp\/v2\/media?parent=2969"}],"curies":[{"name":"wp","href":"https:\/\/api.w.org\/{rel}","templated":true}]}}

<div data-elementor-type="wp-page" data-elementor-id="2969" class="elementor elementor-2969 elementor-1841">
						<section class="elementor-section elementor-top-section elementor-element elementor-element-cfe65fc elementor-section-stretched elementor-section-boxed elementor-section-height-default elementor-section-height-default" data-id="cfe65fc" data-element_type="section" data-e-type="section" data-settings="{&quot;stretch_section&quot;:&quot;section-stretched&quot;,&quot;background_background&quot;:&quot;classic&quot;}">
						<div class="elementor-container elementor-column-gap-default">
					<div class="elementor-column elementor-col-100 elementor-top-column elementor-element elementor-element-2652b45" data-id="2652b45" data-element_type="column" data-e-type="column">
			<div class="elementor-widget-wrap elementor-element-populated">
						<div class="elementor-element elementor-element-391fe6e elementor-widget__width-auto elementor-widget elementor-widget-heading" data-id="391fe6e" data-element_type="widget" data-e-type="widget" data-widget_type="heading.default">
				<div class="elementor-widget-container">
					<h2 class="elementor-heading-title elementor-size-default">Histoire</h2>				</div>
				</div>
					</div>
		</div>
					</div>
		</section>
				<section class="elementor-section elementor-top-section elementor-element elementor-element-e22a75c elementor-section-boxed elementor-section-height-default elementor-section-height-default" data-id="e22a75c" data-element_type="section" data-e-type="section">
						<div class="elementor-container elementor-column-gap-default">
					<div class="elementor-column elementor-col-100 elementor-top-column elementor-element elementor-element-670d460" data-id="670d460" data-element_type="column" data-e-type="column">
			<div class="elementor-widget-wrap elementor-element-populated">
						<div class="elementor-element elementor-element-3dcb206 elementor-widget elementor-widget-text-editor" data-id="3dcb206" data-element_type="widget" data-e-type="widget" data-widget_type="text-editor.default">
				<div class="elementor-widget-container">
									<p>Le Convent de Moncada, construit à la fin du XIX siècle et conservé comme patrimoine en raison de son intérêt culturel et de son style architectural singulier, est situé à 7 km de Valence. Il bénéficie de nombreuses liaisons permettant de rejoindre le cœur même de Valence en un temps très court.</p>								</div>
				</div>
					</div>
		</div>
					</div>
		</section>
				<section class="elementor-section elementor-top-section elementor-element elementor-element-05700f9 elementor-section-boxed elementor-section-height-default elementor-section-height-default" data-id="05700f9" data-element_type="section" data-e-type="section">
						<div class="elementor-container elementor-column-gap-default">
					<div class="elementor-column elementor-col-100 elementor-top-column elementor-element elementor-element-1917b09" data-id="1917b09" data-element_type="column" data-e-type="column">
			<div class="elementor-widget-wrap elementor-element-populated">
						<section class="elementor-section elementor-inner-section elementor-element elementor-element-664f994 elementor-section-boxed elementor-section-height-default elementor-section-height-default" data-id="664f994" data-element_type="section" data-e-type="section">
						<div class="elementor-container elementor-column-gap-default">
					<div class="elementor-column elementor-col-50 elementor-inner-column elementor-element elementor-element-96cce04" data-id="96cce04" data-element_type="column" data-e-type="column">
			<div class="elementor-widget-wrap elementor-element-populated">
						<div class="elementor-element elementor-element-96bfe69 elementor-widget elementor-widget-image" data-id="96bfe69" data-element_type="widget" data-e-type="widget" data-widget_type="image.default">
				<div class="elementor-widget-container">
															<img fetchpriority="high" decoding="async" width="981" height="736" src="https://www.elconventdemoncada.com/wp-content/uploads/2025/11/hostal-hospederia-7.jpg" class="attachment-large size-large wp-image-2968" alt="" srcset="https://www.elconventdemoncada.com/wp-content/uploads/2025/11/hostal-hospederia-7.jpg 981w, https://www.elconventdemoncada.com/wp-content/uploads/2025/11/hostal-hospederia-7-300x225.jpg 300w, https://www.elconventdemoncada.com/wp-content/uploads/2025/11/hostal-hospederia-7-768x576.jpg 768w" sizes="(max-width: 981px) 100vw, 981px" />															</div>
				</div>
					</div>
		</div>
				<div class="elementor-column elementor-col-50 elementor-inner-column elementor-element elementor-element-e7fa14d" data-id="e7fa14d" data-element_type="column" data-e-type="column" data-settings="{&quot;background_background&quot;:&quot;classic&quot;}">
			<div class="elementor-widget-wrap elementor-element-populated">
						<div class="elementor-element elementor-element-9a636cb elementor-widget elementor-widget-text-editor" data-id="9a636cb" data-element_type="widget" data-e-type="widget" data-widget_type="text-editor.default">
				<div class="elementor-widget-container">
									À <strong>El Convent de Moncada</strong>, nous combinons histoire, confort et attention personnalisée pour que votre séjour soit une expérience agréable. Situés dans un bâtiment du XIXᵉ siècle au centre de Moncada, à seulement 6 km de Valence, nous offrons un environnement paisible avec d’excellentes connexions vers la ville.								</div>
				</div>
					</div>
		</div>
					</div>
		</section>
					</div>
		</div>
					</div>
		</section>
				<section class="elementor-section elementor-top-section elementor-element elementor-element-d9d9f1e elementor-section-boxed elementor-section-height-default elementor-section-height-default" data-id="d9d9f1e" data-element_type="section" data-e-type="section">
						<div class="elementor-container elementor-column-gap-default">
					<div class="elementor-column elementor-col-100 elementor-top-column elementor-element elementor-element-2c5865a" data-id="2c5865a" data-element_type="column" data-e-type="column">
			<div class="elementor-widget-wrap elementor-element-populated">
						<div class="elementor-element elementor-element-488f35c elementor-widget elementor-widget-text-editor" data-id="488f35c" data-element_type="widget" data-e-type="widget" data-widget_type="text-editor.default">
				<div class="elementor-widget-container">
									<p>Le Convent est situé dans l’Horta Nord, entouré par le parfum des orangers et des plantes méditerranéennes. Bien qu’implanté en zone urbaine, il se trouve à proximité de la Huerta. De plus, depuis de nombreuses chambres, vous pouvez admirer un parc de pins qui vous fera sentir dans un cadre privilégié.<br /><br />Le Convent est un lieu unique, marqué par le silence, où l’on se repose dans un environnement paisible et tranquille. Par ailleurs, au Claustre, il est possible d’organiser des mariages, banquets, célébrations privées, événements, réunions et manifestations d’entreprise.<br /><br />Si vous souhaitez nous connaître, venez nous rendre visite sans aucun engagement et nous vous montrerons tout ce que l’Hospedería El Convent de Moncada peut vous offrir.</p>								</div>
				</div>
					</div>
		</div>
					</div>
		</section>
				</div>

<p>Histoire Le Convent de Moncada, construit à la fin du XIX siècle et conservé comme patrimoine en raison de son intérêt culturel et de son style architectural singulier, est situé à 7 km de Valence. Il bénéficie de nombreuses liaisons permettant de rejoindre le cœur même de Valence en un temps très court. À El [&hellip;]</p>
